d i?
61
Suppose 4*b - 8*b = -2*i + 4, -4*b = 5*i + 18. Let o be b/19 + (-680)/(-323). What is the greatest common factor of 46 and o?
2
Let x be -4*2/(-4) + -1 + 45. Suppose -p + x = v, 5*p - 5*v + 18 = 288. Suppose p = 3*a + 2*a. Calculate the greatest common divisor of a and 40.
10
Let o be ((-80)/24)/((-16)/64 + (-1753)/(-7044)). Calculate the greatest common divisor of 5 and o.
5
Let f = -252 - -350. Let i = f + -65. What is the greatest common factor of i and 561?
33
Suppose 58*d - 60*d = -3*n + 27, 3*n + 5*d = 48. Let j(l) = -27*l - 3. Let q be j(-5). What is the highest common divisor of q and n?
11
Suppose 11*l - 42 = 5 + 151. Calculate the greatest common divisor of 114 and l.
6
Let n be (4*3/4)/1. Suppose n*s - 59 = -2*j, -3*j + 3*s + 80 = -s. Let p(w) = -75*w + 382. Let r be p(5). Calculate the greatest common factor of j and r.
7
Suppose 2*r - 340 = -5*d, 9*r - 4*d = 5*r + 736. Calculate the highest common factor of 126 and r.
18
Let c be (1 + 17)/(((-12)/(-16))/1). Let m be (-1)/(-2) + (-20)/8. Let v = m + c. What is the greatest common factor of 33 and v?
11
Let m = 13957 + -12189. Calculate the highest common divisor of m and 1352.
104
Let u be 16/((-14)/(-4) + (-173910)/49764). What is the highest common factor of 91 and u?
13
Let a be (-540)/(-16) + 5/20. Suppose -4*s + 84 = 2*q, 3*q + a = 2*s + 2*q. Let f be (-2280)/270*(-18)/4. Calculate the highest common divisor of s and f.
19
Let t be (-4 - -13 - 10) + 3. Calculate the highest common divisor of t and 466.
2
Let i be 681 + -80 + -1 + -2. What is the highest common divisor of i and 230?
46
Suppose -11*t = -15*t + 820. Let v = t - -35. Calculate the greatest common factor of 20 and v.
20
Let w = 889120 - 888229. Let p = -74 - -107. What is the greatest common divisor of p and w?
33
Let a = 70 + -51. Let b = a - 1. Suppose -4*h + h = -b. Calculate the greatest common divisor of h and 3.
3
Let w be 2/3*409 + 22 + 585/(-27). What is the highest common divisor of w and 351?
39
Let w(r) = r + 10. Let n be w(-7). Let j = 458 - 243. Let d = j - 182. Calculate the highest common factor of n and d.
3
Suppose -14*a - 3963 = -11019. Suppose -423*l = -431*l + a. Calculate the greatest common divisor of l and 504.
63
Suppose 23*s + 6205 = 59795. What is the greatest common divisor of s and 60?
10
Suppose -4*q = -4*o + 256, -5*q = -4*o - 2*q + 258. Calculate the highest common factor of o and 2596.
22
Let v(h) = -h**3 - 38*h**2 - 44*h + 98. Let u be v(-37). Calculate the highest common divisor of u and 63.
21
Suppose -73*i + 10557 + 120843 = 0. What is the greatest common factor of 150 and i?
150
Suppose -8*v - 5*h - 31 = -12*v, 0 = -4*v + 4*h + 28. Suppose 7*l = 3*s + 8*l - 535, -v*l + 340 = 2*s. What is the greatest common factor of 20 and s?
20
Suppose 0 = 2*j - 8, -u = -5*j - 20. Suppose -4*t = s + 30, t + 4*t + 6 = s. Let d = s - -34. What is the highest common divisor of d and u?
20
Let t be (-24)/8 + -14*(-2)/(-16)*-12. What is the highest common factor of 11412 and t?
18
Suppose -1326*k - 4*j - 2684 = -1330*k, -4*k - 3*j = -2691. Calculate the greatest common factor of k and 210.
42
Suppose 192*a + 8115 - 30216 = 47019. Calculate the greatest common divisor of a and 1470.
30
Let a be (15 - 9)*-5*(-14)/5. What is the greatest common divisor of a and 224?
28
Suppose -102 = -41*f + 39*f. Let m = 578 - 391. Calculate the highest common divisor of f and m.
17
Let d = -65 + 129. Suppose 0 = -6*q - d - 8. Let i be 3*(-2)/q + (-93)/(-6). Calculate the greatest common divisor of i and 48.
16
Let g be (-20)/24 - (12/(-36) + 1797/(-6)). Let n = 22 + -9. Calculate the greatest common factor of n and g.
13
Let o = -644 - -930. Let b(m) = 5*m**2 - 92*m - 5. Let p be b(19). Calculate the greatest common factor of o and p.
26
Suppose 53*b - 55*b = -4. Suppose 16*l - 62 = b. Suppose -2*p + 8 = 3*i, -p + 29 = 2*p - l*i. Calculate the highest common divisor of 1 and p.
1
Let d = 125 - 120. Suppose 0 = d*r - 0*r. Suppose i - 6 = o - 5*o, -3*i - 6 = r. Calculate the greatest common divisor of o and 2.
2
Suppose 11794 = 924*q - 262*q + 1202. Let l = 7 - 3. Calculate the greatest common factor of q and l.
4
Suppose 1304112 - 3379833 - 2786479 = -230*p. What is the highest common factor of p and 60?
20
Suppose 31*a - 15*a = 32. Suppose 2*n = 1 + 9. Suppose g - 24 = -2*z, 58 = n*g - a*g - z. What is the greatest common factor of g and 70?
10
Let m = 14797 + -14796. Calculate the greatest common divisor of m and 73.
1
Suppose -274 + 5594 = 70*u. What is the highest common divisor of 1178 and u?
38
Suppose -11*w = -5*l - 250463, 4*w = 32*l - 37*l + 91057. What is the greatest common divisor of 16 and w?
16
Suppose 11*n = -0*n + 1712 + 1313. Calculate the highest common factor of 396 and n.
11
Let j be (15 - -5)*(-1)/(-2). Let a = 32 - 17. Suppose -a*z + 22*z = 105. What is the highest common divisor of z and j?
5
Suppose -6 = -f + 7. Suppose 5*m + i - 297 = 217, 3*m = -3*i + 294. Calculate the greatest common divisor of m and f.
13
Suppose -12*v = 3*i - 837, -69*i + 67*i = 2*v - 150. Calculate the highest common factor of 612 and v.
68
Suppose y - j = 2*y - 40, -4*y = j - 148. Let k = 183 + -178. Suppose -3*g - 33 = -5*r, -15 = -3*r - 2*g + k*g. Calculate the highest common divisor of r and y.
9
Suppose m - 59 = 5*o + 4*m, -3*o + 2*m = 24. Let d be (-275)/o + (-3 - 14/(-4)). What is the highest common factor of 42 and d?
14
Let m = 410 + -257. Suppose 0 = 5*r + 60 - 230. Calculate the greatest common divisor of m and r.
17
Suppose 16*h - 1077 - 1931 = 0. Calculate the greatest common factor of 28 and h.
4
Suppose 39*y - 35*y = -1608. Let h = 1146 + y. What is the highest common divisor of h and 93?
93
Suppose 35*b - 320 = 31*b. Let h = 129 + -109. Calculate the greatest common factor of h and b.
20
Suppose 91*r - 35599 + 3294 = 0. What is the greatest common divisor of 155 and r?
5
Suppose 3*z + x - 451 = 0, -z + 34 = -x - 123. Calculate the greatest common factor of 1748 and z.
76
Let t(x) = -20*x**3 - 13*x**3 - 20*x**3 + 8*x**2 + 52*x**3 - 23. Let p be t(7). What is the highest common factor of p and 104?
26
Let f be ((-26)/39)/((-4)/3030). What is the highest common factor of f and 10?
5
Let v = 117 - 53. Let n(g) = 7*g - 15. Let c be n(3). Let i be -4 - 2107/(-21) - 2/c. What is the highest common divisor of i and v?
32
Let d(f) = 7274*f - 4173. Let v be d(2). What is the greatest common divisor of 500 and v?
125
Suppose -2*j - 6*j + 40 = 0. Suppose -200 = -3*v - 8*n + 3*n, -4*v + j*n = -220. What is the highest common factor of 100 and v?
20
Let o = 376 - 406. Let t be 4 - -37 - 0*6/o. Calculate the highest common divisor of 41 and t.
41
Let b = -7143 - -7472. Calculate the highest common divisor of 7 and b.
7
Let w(g) = 9*g**3 + 3*g**2 - 2*g - 1. Let c be w(2). Suppose -2*v + c - 15 = 0. Calculate the highest common factor of v and 736.
32
Suppose 4*w - 27*w + 689 = 30*w. Let h(z) = -z**3 + z + 143. Let x be h(0). What is the highest common factor of x and w?
13
Let y(j) be the second derivative of 0 + 4*j**2 + 9*j - 1/6*j**3. Let z be y(-8). Calculate the greatest common divisor of 32 and z.
16
Suppose 28*u - 39*u + 1820 = 41*u. Suppose -5*i - 87 = -4*j, 2*j - i = 70 - 19. Calculate the greatest common divisor of j and u.
7
Let m = -8736 + 20531. Calculate the highest common divisor of 105 and m.
35
Suppose 100*l = 104*l + 12, 0 = -3*x - 3*l + 1566. What is the highest common factor of 245 and x?
35
Let d(f) = f**3 - 6*f**2 - 3*f - 13. Let c be d(6). Let k = c - -39. Let x be 0/k + ((-4)/2 - -266). What is the greatest common divisor of 24 and x?
24
Let m = 24 + -16. Suppose 1570 = m*o - 3*o. Suppose 5*q = -x + 51, -5*q - 15 = -4*x + o. Calculate the greatest common divisor of x and 38.
38
Let h = -197 - -213. Calculate the greatest common factor of 976 and h.
16
Let v be 144 + -147 - (-1 + -11853 + -2). Calculate the highest common divisor of v and 27.
27
Let g be 52470/(-4)*(-24)/36. What is the greatest common divisor of g and 165?
165
Suppose 3*p = -c + 1454, 105*c - 1448 = 104*c - 4*p. Calculate the greatest common factor of 23 and c.
23
Suppose 2*w = -3*w + 90. Let q(v) = 2*v**2 + 5*v + 5. Let g be q(-4). Suppose -g*k + w*k = 56. What is the greatest common divisor of 8 and k?
8
Suppose -3